s = 3 + -3. Let t be (-16)/(0 - (s - -1)). Suppose 3*g - 3*p + 9 = 0, -p + t = 3*g + p. List the prime factors of g.
2
Suppose 0 = -3*w - 39 - 30. Let v = -11 - w. What are the prime factors of v?
2, 3
Let h be 8/2*5/10. Suppose -h - 2 = -4*t. What are the prime factors of 2/(-3)*t*-9?
2, 3
Suppose 4 = -q + 5. Let l be q*(3/1)/(-3). Let i(j) = -7*j + 1. List the prime factors of i(l).
2
Let o = 47 - 31. What are the prime factors of o?
2
Suppose -2 = -5*r - 52. Let q = r + 15. List the prime factors of q.
5
Let d = -2 - -4. Suppose -4*r - 1 - 31 = -d*p, 0 = 3*p + r - 48. What are the prime factors of p?
2
Suppose 0*u - 4*u = 0. List the prime factors of (u + 0)/4 - -7.
7
Let u(q) = -q**2 - 6 + 2 + 2 + 2*q - 3*q. Let i(p) = -2*p**2 - p - 3. Let l(r) = -4*i(r) + 6*u(r). List the prime factors of l(3).
2, 3
Let x = -3 + 5. Let q(v) = -12*v + 13. Let n(l) = -6*l + 6. Let z(w) = -9*n(w) + 4*q(w). What are the prime factors of z(x)?
2, 5
Suppose 0 = 5*m + 56 + 19. Let s be (-2)/10 + (-18)/m. What are the prime factors of -1 + (-1)/s + 6?
2
Let x be 4 - (-1 - 1)/2. Suppose 2*s - 13 = -x. Suppose -s*j + 10 = -6. List the prime factors of j.
2
Suppose 2*h = -16 + 4. Let n = 21 + h. List the prime factors of n.
3, 5
Suppose 0 = -4*a + 593 - 165. What are the prime factors of a?
107
List the prime factors of (-108)/(-5) - (-6)/15.
2, 11
Suppose -8*m + 4*m = -676. List the prime factors of m.
13
Suppose 0 = -s + 3*u - 23, s + 25 - 2 = -4*u. Let j = -12 - s. What are the prime factors of j?
11
Let i(y) = y**2 + 3*y - 4. Let c be i(-4). Suppose 2*p + 0 - 30 = c. What are the prime factors of p?
3, 5
Suppose -3*a = 2 - 17. Suppose -b + a*q = -6*b + 80, 0 = -4*q. What are the prime factors of b?
2
Let u be ((-40)/(-12))/(1/18). Suppose 12 - 63 = -5*f - z, -4*f + 4*z = -u. Suppose 0 = 5*v - 9 - f, 3*v = 4*k - 36. What are the prime factors of k?
2, 3
Suppose 2*x + 3*x = 5*p + 15, 4*p + 3 = x. Suppose p = 2*m - 4 - 2. List the prime factors of (8 - (-3)/m)*1.
3
What are the prime factors of 670/4 - (-9)/(-6)?
2, 83
Let j(q) = 3*q**2 + q. Suppose -6 = r + r. Let f be j(r). Suppose 3*x - l = 2*l + 30, -2*x + l + f = 0. What are the prime factors of x?
2, 7
Suppose -r + 35 = -5*j, -2*r + 2*j + 122 = 2*r. Suppose v - r = -5. List the prime factors of v.
5
Let y = -244 + 345. What are the prime factors of y?
101
Let q = 39 + -27. Suppose 4*b - q = 0, -4*d = d - 2*b - 164. Suppose 4*f + 0 = 12, -5*w + d = 3*f. What are the prime factors of w?
5
Suppose -4 = -4*c, 2*f + 0*c = 3*c + 3. List the prime factors of f.
3
Let l(h) = -h - 11. Let p be l(-13). Suppose -p*a + 22 = 2*t, 3*a - 2 - 13 = 0. List the prime factors of t.
2, 3
Let y be -8*(2 - 10/4). Suppose -3*z - 2*k = k + 3, -z - y*k - 10 = 0. Let t(u) = u**3 - u**2 + 1. List the prime factors of t(z).
5
Let q(u) = 8*u**2 - 20*u - 23. Let p(k) = -3*k**2 + 7*k + 8. Let j(d) = -17*p(d) - 6*q(d). Suppose s = -s + 4. What are the prime factors of j(s)?
2
Suppose 0 = 3*m - 255 - 78. Suppose 0 = -4*c + c - 2*g + 65, 5*c + 4*g - m = 0. What are the prime factors of c?
19
Let r be 1 + 2 + 2/2. Suppose -r - 2 = 2*p. Let a = 6 - p. What are the prime factors of a?
3
Let x = -65 - -109. Suppose -16 = 2*z - x. What are the prime factors of z?
2, 7
Let d(w) = -w + 4. Let b be d(0). Suppose -b*q + 3*q = -19. What are the prime factors of q?
19
Suppose 2*u = -u + 15. Suppose -4*x = -u*k - 118, 0*k + 2 = k. List the prime factors of x.
2
Let g(c) = c**3 + 4*c**2 + 3*c - 4. Let f be g(-3). Let u(r) = -2*r + 3*r + 1 + r**2 + r - 5. What are the prime factors of u(f)?
2
Suppose -3*x + 14 = -j, 4*j - 5 + 34 = 3*x. List the prime factors of 6*(33/6 - x).
3, 5
List the prime factors of ((-304)/28)/(4/(-14)).
2, 19
Let o be (-30)/(-4) - (-2)/4. Let f(j) = -5*j + 6*j + j**2 - 2*j - 8 - 5*j. What are the prime factors of f(o)?
2
Let k = -189 + 293. What are the prime factors of k?
2, 13
Let h(s) = 0*s + 0 - 2 + s**2 - s. Let y be h(0). List the prime factors of 0 - y - (1 + -2).
3
What are the prime factors of ((-378)/8 - 1)*-4?
193
Suppose 3*k - 2 = 4. Suppose 5*d - k*i = 90, -3 - 52 = -2*d - 3*i. What are the prime factors of (-52)/d*-1*5?
13
Suppose -6*q + q - 40 = 0. Let g = q + 10. Let b = g + 5. What are the prime factors of b?
7
Let o(i) = -i**2 + 2*i. Let f be o(3). What are the prime factors of -5*3*1/f?
5
Let o = -62 + 154. What are the prime factors of o?
2, 23
Suppose 4*s - 6 - 2 = 0. Suppose -2*t - s = 0, t + 139 = -3*h + 3*t. Let q = -32 - h. What are the prime factors of q?
3, 5
Let g = -3 + 8. Suppose 0 = g*s - 15. List the prime factors of s.
3
Suppose -5*s - 7 = -4*j, -s + 10 = 4*j - j. Suppose -7 = -4*p + 5*h, p - h = -3*h - 8. List the prime factors of s + p - -1 - -11.
11
Suppose -d - 3*c = -7, -8*d = -4*d - 4*c - 28. Suppose -5*o + 10*o = 0. Suppose o*n = n - d. What are the prime factors of n?
7
Let k(n) = -n - 1. Let b(o) = -o - 1. Let t(a) = -7*b(a) + 6*k(a). What are the prime factors of t(9)?
2, 5
Suppose 2*p = -3*d + 2 - 0, 3*d - 17 = p. Let n(g) = 4*g**2 - 5*g + 2. What are the prime factors of n(d)?
2, 23
Suppose -4*v - 2*z + 574 = 0, -2*v + z = -2*z - 275. What are the prime factors of v?
2, 71
Let d(r) = r**2 + 5*r - 3. Let t be d(-6). Suppose -10 = t*s + 2*s. What are the prime factors of -1 + (-4)/(-2) - s?
3
Let j = 2 - 1. Let o(z) be the third derivative of 11*z**6/120 + z**3/6 - 4*z**2. List the prime factors of o(j).
2, 3
Let b(x) = -x**2 + 7*x + 1. Let u be (-7)/(-14) + (-11)/(-2). What are the prime factors of b(u)?
7
Let g = 173 - 167. List the prime factors of g.
2, 3
Suppose 0 = 5*m + 11 + 24. Let k be (-5 - m)/((-2)/(-4)). Suppose q = 5*b - 26, -2*b - k*q + 5 = -1. What are the prime factors of b?
5
Let x(k) = -k**3 - 2*k**2 + 2. Let h = -3 - -1. Let w be x(h). Suppose -4*r + 6 - w = 0, -3*l - 5*r = -14. List the prime factors of l.
3
Suppose 4 = -4*z + 5*h, z - 3*h + 16 = 2*z. Let r be 1 + -1 + (4 - -1). Suppose -c - 3*g = -4, -r*g = -z*c + 20 + 30. What are the prime factors of c?
2, 5
Suppose -x + 31 + 41 = 0. What are the prime factors of x?
2, 3
What are the prime factors of ((-60)/(-25))/((-2)/(-15))?
2, 3
Suppose -388 - 185 = -3*i - 3*t, 2*t = 3*i - 578. What are the prime factors of i?
2, 3
Let w = -26 - -76. What are the prime factors of w?
2, 5
Let j(r) be the third derivative of -1/3*r**3 + 0 - 1/12*r**4 + 2*r**2 + 0*r. What are the prime factors of j(-2)?
2
Suppose -7 = -5*n - 2*j + 3, -3*j - 15 = 0. Suppose -2*s + n = -s. Suppose 2*b + s*p - 21 = 3*p, -3*b - 2*p = -29. What are the prime factors of b?
13
Let a(x) = 13*x + 15. List the prime factors of a(4).
67
Suppose 0 = 3*u + u - 32. What are the prime factors of u?
2
Let j(g) = -g**3 - g**2 - g + 280. Let n be j(0). Suppose -n = 2*h - 6*h. List the prime factors of h/7*(1 - 0).
2, 5
Let o(z) = z - 6. Suppose s - 13 = -1. What are the prime factors of o(s)?
2, 3
Suppose -2*k + 51 = 3*t - 164, 20 = -4*t. What are the prime factors of k?
5, 23
Let h be -1 + 1 - (-330)/6. Suppose 10*j = 15*j - h. List the prime factors of j.
11
Let d = -11 - -5. Let x = 33 + d. List the prime factors of x.
3
Let w(n) = 2*n**2 - 3*n - 4. List the prime factors of w(4).
2
Suppose 4*q + 4 + 12 = 0. Let j = q + 13. What are the prime factors of j?
3
Let r(u) = -3*u - 1. Let s be r(-2). Suppose -8 = -a + 2*f, 0 = s*a + 2*f - 26 - 74. List the prime factors of a.
2, 3
Let l(n) = n**2 + 13*n + 2. Let v be l(-13). Suppose 5*q - 200 = -5*p, 12 - 2 = -v*p. List the prime factors of q.
3, 5
Let j(d) = 23*d**2 + 5. What are the prime factors of j(-2)?
97
Let x be (0 - 2)/((-3)/3). List the prime factors of (-7)/(1 - x) + -1.
2, 3
Let w = -13 - -41. List the prime factors of w.
2, 7
Let j = -2 + 19. What are the prime factors of j?
17
Let l(y) = -y - 2. Let v be l(-5). What are the prime factors of (1 - 13)/((-2)/v)?
2, 3
Let k(z) = -1 + 5*z - 3*z - z. Let a(c) = c - 1. Let d(w) = 2*a(w) - 3*k(w). What are the prime factors of d(-8)?
3
Let r(i) = -i**2 - 12*i - 1. Let n be r(-6). Let k = n + -25. List the prime factors of k.
2, 5
Let w be (0 - 0)/(18/(-6)). Suppose 4*j + w*j - 24 = 0. Suppose -f + 2*t + 23 = 0, j*f - 2*f - 80 = 5*t. List the prime factors of f.
3, 5
Suppose 4*j + 3*g = -g + 20, -j + 3*g = 15. What are the prime factors of (-2)/(j - (-6)/(-21)